ctors of 283418650?
2, 5, 23, 41, 6011
List the prime factors of 22315863.
3, 7438621
What are the prime factors of 590789570?
2, 5, 7, 1205693
List the prime factors of 69145448.
2, 8643181
What are the prime factors of 606020254?
2, 7, 43287161
What are the prime factors of 33565467?
3, 13, 31, 27763
What are the prime factors of 71359508?
2, 11, 61, 2417
What are the prime factors of 785168148?
2, 3, 191, 342569
What are the prime factors of 32452912?
2, 19, 106753
What are the prime factors of 15952517?
7, 83, 27457
What are the prime factors of 6242236932?
2, 3, 877, 593143
List the prime factors of 36379319.
19, 1019, 1879
List the prime factors of 180888868.
2, 3359, 13463
What are the prime factors of 1768977327?
3, 13, 101, 449093
List the prime factors of 988763387.
137, 7217251
What are the prime factors of 7238768889?
3, 11, 83, 743, 3557
List the prime factors of 50638586.
2, 25319293
What are the prime factors of 12788311?
19, 673069
List the prime factors of 2853242021.
7, 101, 576529
List the prime factors of 5748939.
3, 7, 91253
List the prime factors of 528246405.
3, 5, 23, 510383
What are the prime factors of 41867618?
2, 13, 1610293
List the prime factors of 122181013.
31, 101, 39023
What are the prime factors of 870506977?
6343, 137239
What are the prime factors of 693767646?
2, 3, 11, 13, 6911
List the prime factors of 1637266138.
2, 19, 43085951
What are the prime factors of 52625795?
5, 17, 113, 5479
List the prime factors of 197792963.
29, 167, 40841
What are the prime factors of 41077000?
2, 5, 41077
What are the prime factors of 3083969805?
3, 5, 7, 277, 106033
What are the prime factors of 42822259?
59, 725801
List the prime factors of 41170351.
41170351
What are the prime factors of 10255638?
2, 3, 877, 1949
What are the prime factors of 28595377?
17, 1682081
List the prime factors of 319773228.
2, 3, 1877, 14197
What are the prime factors of 36275202?
2, 3, 223921
List the prime factors of 34849832.
2, 53, 82193
What are the prime factors of 153320197?
41, 139, 26903
List the prime factors of 14139522.
2, 3, 87281
What are the prime factors of 490397606?
2, 17, 1481, 9739
List the prime factors of 19760165.
5, 29, 136277
What are the prime factors of 116581983?
3, 7, 41, 135403
List the prime factors of 102524983.
11, 9320453
What are the prime factors of 67323992?
2, 19, 53, 61, 137
What are the prime factors of 3893667475?
5, 181, 860479
What are the prime factors of 1534534735?
5, 306906947
What are the prime factors of 27187597?
373, 72889
List the prime factors of 2512821593.
193, 13019801
List the prime factors of 276909940.
2, 5, 17, 71, 11471
List the prime factors of 82628670.
2, 3, 5, 17, 162017
What are the prime factors of 105367821?
3, 13, 2701739
List the prime factors of 20898281.
20898281
What are the prime factors of 842121995?
5, 11, 13, 67, 17579
List the prime factors of 3370135415.
5, 239, 2820197
List the prime factors of 100325982.
2, 3, 31, 71, 107
What are the prime factors of 14677617?
3, 71, 68909
What are the prime factors of 3512358084?
2, 3, 29, 10092983
What are the prime factors of 266089615?
5, 11, 389, 12437
What are the prime factors of 517459866?
2, 3, 7, 11, 271, 4133
List the prime factors of 656607292.
2, 11, 41, 113, 3221
What are the prime factors of 529186177?
13, 40706629
What are the prime factors of 2442803422?
2, 71, 17202841
List the prime factors of 70783331.
37, 1913063
List the prime factors of 433161066.
2, 3, 13, 97, 57251
What are the prime factors of 56308654?
2, 617, 45631
List the prime factors of 22591871.
22591871
What are the prime factors of 31646369?
47, 673327
What are the prime factors of 216192454?
2, 157, 688511
List the prime factors of 793483659.
3, 2351, 37501
What are the prime factors of 614141181?
3, 79, 863771
List the prime factors of 218010025.
5, 151, 57751
What are the prime factors of 56224307?
5261, 10687
What are the prime factors of 302833962?
2, 3, 23, 731483
List the prime factors of 4153953278.
2, 2076976639
What are the prime factors of 443179268?
2, 7, 15827831
What are the prime factors of 369984856?
2, 5297, 8731
List the prime factors of 306758940.
2, 3, 5, 5112649
What are the prime factors of 897414973?
7, 13, 19, 519037
What are the prime factors of 815680918?
2, 13, 53, 193, 3067
What are the prime factors of 6202970723?
59, 107, 982571
What are the prime factors of 27382469?
239, 114571
What are the prime factors of 42835952?
2, 107, 131, 191
List the prime factors of 1091585046.
2, 3, 181930841
What are the prime factors of 533843?
19, 28097
What are the prime factors of 41094981?
3, 53, 101, 853
What are the prime factors of 960933260?
2, 5, 7, 1153, 5953
What are the prime factors of 46648831?
31, 1504801
What are the prime factors of 142198159?
142198159
List the prime factors of 35365851.
3, 79, 49741
What are the prime factors of 4865971139?
4787, 1016497
List the prime factors of 50383253.
277, 181889
List the prime factors of 237346413.
3, 79115471
What are the prime factors of 218300759?
47, 4644697
What are the prime factors of 343463830?
2, 5, 23, 64927
What are the prime factors of 7006361863?
31, 47, 71, 89, 761
What are the prime factors of 43140391?
7, 587, 10499
What are the prime factors of 261367868?
2, 3041, 21487
List the prime factors of 140038581.
3, 46679527
What are the prime factors of 493925875?
5, 59, 66973
List the prime factors of 3756452071.
1171, 3207901
List the prime factors of 25350779.
43, 347, 1699
What are the prime factors of 1261655024?
2, 7, 19, 67, 8849
List the prime factors of 33625940.
2, 5, 757, 2221
List the prime factors of 1912554044.
2, 97, 4929263
List the prime factors of 565423078.
2, 11, 59, 199
List the prime factors of 100929235.
5, 11, 19, 59, 1637
What are the prime factors of 123940745?
5, 41, 604589
What are the prime factors of 626786235?
3, 5, 761, 6101
What are the prime factors of 1101533247?
3, 122392583
List the prime factors of 660180739.
97, 6805987
List the prime factors of 167408947.
67, 2498641
What are the prime factors of 2103989812?
2, 701, 750353
List the prime factors of 2888234.
2, 83, 127, 137
List the prime factors of 1083557216.
2, 7, 4837309
List the prime factors of 15552.
2, 3
List the prime factors of 101628663.
3, 19, 1782959
What are the prime factors of 158759888?
2, 7, 1417499
List the prime factors of 881652740.
2, 5, 44082637
List the prime factors of 367974474.
2, 3, 7, 8761297
What are the prime factors of 3962589304?
2, 495323663
What are the prime factors of 719662?
2, 587, 613
List the prime factors of 4458931865.
5, 10789, 82657
What are the prime factors of 14482458?
2, 3, 804581
What are the prime factors of 85742884?
2, 4027, 5323
List the prime factors of 231925492.
2, 17, 101, 33769
What are the prime factors of 909193250?
2, 5, 7, 519539
What are the prime factors of 525452305?
5, 7, 29, 79, 6553
List the prime factors of 203875552.
2, 6371111
What are the prime factors of 257576579?
13, 29, 43, 15889
What are the prime factors of 51428898?
2, 3, 419, 2273
List the prime factors of 148799702.
2, 283, 262897
What are the prime factors of 9836716?
2, 59, 41681
What are the prime factors of 238308895?
5, 11, 35809
List the prime factors of 286709485.
5, 37, 127, 12203
List the prime factors of 1914852426.
2, 3, 17, 29, 199, 3253
What are the prime factors of 259215660?
2, 3, 5, 11, 17, 151
List the prime factors of 421978544.
2, 13, 73, 27791
What are the prime factors of 5438080520?
2, 5, 11119, 12227
List the prime factors of 136842093.
3, 61, 249257
List the prime factors of 669442694.
2, 17, 19, 67, 15467
What are the prime factors of 179505036?
2, 3, 4986251
What are the prime factors of 1751083873?
7, 11, 61, 372809
What are the prime factors of 328484157?
3, 167, 655657
List the prime factors of 149652234.
2, 3, 179, 46447
List the prime factors of 44977102.
2, 1129, 19919
What are the prime factors of 253562886?
2, 3, 1565203
List the prime factors of 1122223113.
3, 11, 53, 71293
List the prime factors of 502357008.
2, 3, 10465771
What are the prime factors of 298462105?
5, 1231, 48491
What are the prime factors of 103916574?
2, 3, 1051, 1831
What are the prime factors of 25523430?
2, 3, 5, 850781
What are the pri